{"id":149,"date":"2025-04-01T07:40:12","date_gmt":"2025-04-01T07:40:12","guid":{"rendered":"https:\/\/photo-barongwolf.com\/?post_type=product&#038;p=149"},"modified":"2026-01-21T23:08:58","modified_gmt":"2026-01-21T23:08:58","slug":"dac-san-nam-huong-vip-130k-goi-100g","status":"publish","type":"product","link":"https:\/\/photo-barongwolf.com\/?product=dac-san-nam-huong-vip-130k-goi-100g","title":{"rendered":"\u0110\u1eb7c S\u1ea3n N\u1ea5m H\u01b0\u01a1ng Vip 130k\/ G\u00f3i 100G"},"content":{"rendered":"<p><strong>C\u00f4ng D\u1ee5ng C\u1ee7a N\u1ea5m H\u01b0\u01a1ng Sapa:<\/strong><br \/>\nN\u1ea5m h\u01b0\u01a1ng \u0111\u01b0\u1ee3c d\u00f9ng nh\u01b0 m\u1ed9t lo\u1ea1i gia v\u1ecb cao c\u1ea5p:<br \/>\nD\u00f9ng \u0111\u1ec3 x\u00e0o, n\u1ea5u: N\u1ea5m h\u01b0\u01a1ng t\u01b0\u01a1i \u0111\u01b0\u1ee3c d\u00f9ng nh\u01b0 gia v\u1ecb \u0111\u1ec3 x\u00e0o n\u1ea5u nhi\u1ec1u m\u00f3n \u0103n, \u0111\u1ec3 n\u1ea5u l\u1ea9u ng\u1ecdt r\u1ea5t ngon v\u00e0 b\u1ed5.<br \/>\nN\u1ea5m h\u01b0\u01a1ng ph\u01a1i, s\u1ea5y kh\u00f4 d\u00f9ng \u0111\u1ec3 x\u00e0o, n\u1ea5u c\u00e1c m\u00f3n \u0103n t\u0103ng th\u00eam h\u01b0\u01a1ng v\u1ecb v\u00e0 b\u1ed5 d\u01b0\u1ee1ng.<br \/>\n<strong>Nh\u1eefng Ai N\u00ean D\u00f9ng N\u1ea5m H\u01b0\u01a1ng R\u1eebng Sapa ?<\/strong><\/p>\n<p><img decoding=\"async\" class=\"lazy loaded\" src=\"https:\/\/bizweb.dktcdn.net\/thumb\/large\/100\/467\/099\/files\/nam-moi.jpg?v=1740362866995\" data-thumb=\"large\" data-src=\"\/\/bizweb.dktcdn.net\/thumb\/large\/100\/467\/099\/files\/nam-moi.jpg?v=1740362866995\" \/><br \/>\nD\u00f9ng ch\u1ebf bi\u1ebfn m\u00f3n \u0103n, \u0111\u01b0\u1ee3c d\u00f9ng nh\u01b0 m\u1ed9t lo\u1ea1i rau gia v\u1ecb.<br \/>\nNg\u01b0\u1eddi s\u1ee9c \u0111\u1ec1 kh\u00e1ng y\u1ebfu mu\u1ed1n t\u1ea9m b\u1ed5 s\u1ee9c kh\u1ecfe c\u00f3 th\u1ec3 d\u00f9ng n\u1ea5m h\u01b0\u01a1ng \u0111\u1ec3 ch\u1ebf bi\u1ebfn c\u00e1c m\u00f3n \u0103n b\u1ed5 d\u01b0\u1ee1ng.<\/p>\n<p><strong>C\u00e1ch D\u00f9ng N\u1ea5m H\u01b0\u01a1ng R\u1eebng Sapa:<\/strong><br \/>\nN\u1ea5m H\u01b0\u01a1ng sau khi \u00a0r\u1eeda s\u1ea1ch, c\u1eaft b\u1ecf m\u1ed9t ch\u00fat ph\u1ea7n ch\u00e2n n\u1ea5m r\u1ed3i x\u00e9 nh\u1ecf sau \u0111\u00f3 s\u1eed d\u1ee5ng v\u00e0o c\u00e1c m\u00f3n \u0103n.<\/p>\n<p><strong>T\u1ea1i Sapa TV\u00a0, ch\u00fang t\u00f4i chuy\u00ean cung c\u1ea5p c\u00e1c s\u1ea3n ph\u1ea9m n\u00fai r\u1eebng t\u00e2y b\u1eafc<\/strong><\/p>\n","protected":false},"excerpt":{"rendered":"<p><strong>C\u00f4ng D\u1ee5ng C\u1ee7a N\u1ea5m H\u01b0\u01a1ng Sapa:<\/strong><br \/>\nN\u1ea5m h\u01b0\u01a1ng \u0111\u01b0\u1ee3c d\u00f9ng nh\u01b0 m\u1ed9t lo\u1ea1i gia v\u1ecb cao c\u1ea5p:<br \/>\nD\u00f9ng \u0111\u1ec3 x\u00e0o, n\u1ea5u: N\u1ea5m h\u01b0\u01a1ng t\u01b0\u01a1i \u0111\u01b0\u1ee3c d\u00f9ng nh\u01b0 gia v\u1ecb \u0111\u1ec3 x\u00e0o n\u1ea5u nhi\u1ec1u m\u00f3n \u0103n, \u0111\u1ec3 n\u1ea5u l\u1ea9u ng\u1ecdt r\u1ea5t ngon v\u00e0 b\u1ed5.<br \/>\nN\u1ea5m h\u01b0\u01a1ng ph\u01a1i, s\u1ea5y kh\u00f4 d\u00f9ng \u0111\u1ec3 x\u00e0o, n\u1ea5u c\u00e1c m\u00f3n \u0103n t\u0103ng th\u00eam h\u01b0\u01a1ng v\u1ecb v\u00e0 b\u1ed5 d\u01b0\u1ee1ng.<\/p>\n","protected":false},"featured_media":150,"comment_status":"open","ping_status":"closed","template":"","meta":[],"product_brand":[],"product_cat":[19],"product_tag":[20],"class_list":{"0":"post-149","1":"product","2":"type-product","3":"status-publish","4":"has-post-thumbnail","6":"product_cat-san-pham","7":"product_tag-dac-san-nam-huong-vip-130k-goi-100g","9":"first","10":"instock","11":"sale","12":"shipping-taxable","13":"purchasable","14":"product-type-simple"},"jetpack_sharing_enabled":true,"_links":{"self":[{"href":"https:\/\/photo-barongwolf.com\/index.php?rest_route=\/wp\/v2\/product\/149","targetHints":{"allow":["GET"]}}],"collection":[{"href":"https:\/\/photo-barongwolf.com\/index.php?rest_route=\/wp\/v2\/product"}],"about":[{"href":"https:\/\/photo-barongwolf.com\/index.php?rest_route=\/wp\/v2\/types\/product"}],"replies":[{"embeddable":true,"href":"https:\/\/photo-barongwolf.com\/index.php?rest_route=%2Fwp%2Fv2%2Fcomments&post=149"}],"wp:featuredmedia":[{"embeddable":true,"href":"https:\/\/photo-barongwolf.com\/index.php?rest_route=\/wp\/v2\/media\/150"}],"wp:attachment":[{"href":"https:\/\/photo-barongwolf.com\/index.php?rest_route=%2Fwp%2Fv2%2Fmedia&parent=149"}],"wp:term":[{"taxonomy":"product_brand","embeddable":true,"href":"https:\/\/photo-barongwolf.com\/index.php?rest_route=%2Fwp%2Fv2%2Fproduct_brand&post=149"},{"taxonomy":"product_cat","embeddable":true,"href":"https:\/\/photo-barongwolf.com\/index.php?rest_route=%2Fwp%2Fv2%2Fproduct_cat&post=149"},{"taxonomy":"product_tag","embeddable":true,"href":"https:\/\/photo-barongwolf.com\/index.php?rest_route=%2Fwp%2Fv2%2Fproduct_tag&post=149"}],"curies":[{"name":"wp","href":"https:\/\/api.w.org\/{rel}","templated":true}]}}